{"id":12,"date":"2023-04-14T14:17:23","date_gmt":"2023-04-14T14:17:23","guid":{"rendered":"http:\/\/www.finbau.cz.uvirt130.active24.cz\/?page_id=12"},"modified":"2023-05-02T14:11:10","modified_gmt":"2023-05-02T14:11:10","slug":"uvodni-stranka","status":"publish","type":"page","link":"https:\/\/www.finbau.cz\/","title":{"rendered":"\u00davodn\u00ed str\u00e1nka"},"content":{"rendered":"\n<div class=\"wp-block-cover alignfull is-light hestia-clear-top-padding\"><span aria-hidden=\"true\" class=\"wp-block-cover__background has-white-background-color has-background-dim-100 has-background-dim\"><\/span><div class=\"wp-block-cover__inner-container is-layout-flow wp-block-cover-is-layout-flow\">\n<h2 class=\"wp-block-heading has-text-align-center has-text-color\" style=\"color:#3c4858\">O n\u00e1s<\/h2>\n\n\n\n<div style=\"height:40px\" aria-hidden=\"true\" class=\"wp-block-spacer\"><\/div>\n\n\n\n<div class=\"wp-block-columns container is-layout-flex wp-container-core-columns-is-layout-9d6595d7 wp-block-columns-is-layout-flex\">\n<div class=\"wp-block-column is-layout-flow wp-block-column-is-layout-flow\"><div class=\"wp-block-image\">\n<figure class=\"aligncenter size-large\"><img decoding=\"async\" src=\"http:\/\/www.finbau.cz\/wp-content\/themes\/hestia\/assets\/img\/feat1.png\" alt=\"\" class=\"wp-image-70\"\/><\/figure>\n<\/div>\n\n\n<h5 class=\"wp-block-heading has-text-align-center has-text-color\" style=\"color:#3c4858;font-size:18px\">P\u0159\u00edstup<\/h5>\n\n\n\n<p class=\"has-text-align-center has-text-color\" style=\"color:#999999;font-size:14px\">Nab\u00eddka je v\u017edy optimalizovan\u00e1 pro spokojenost na\u0161eho z\u00e1kazn\u00edka.<\/p>\n\n\n\n<div style=\"height:25px\" aria-hidden=\"true\" class=\"wp-block-spacer\"><\/div>\n<\/div>\n\n\n\n<div class=\"wp-block-column is-layout-flow wp-block-column-is-layout-flow\"><div class=\"wp-block-image\">\n<figure class=\"aligncenter size-large\"><img decoding=\"async\" src=\"http:\/\/www.finbau.cz\/wp-content\/themes\/hestia\/assets\/img\/feat2.png\" alt=\"\" class=\"wp-image-71\"\/><\/figure>\n<\/div>\n\n\n<h5 class=\"wp-block-heading has-text-align-center has-text-color\" style=\"color:#3c4858;font-size:18px\">Kvalita slu\u017eeb<\/h5>\n\n\n\n<p class=\"has-text-align-center has-text-color\" style=\"color:#999999;font-size:14px\">Kompletn\u00ed slu\u017eby souvisej\u00edc\u00ed s provozem are\u00e1lu a poskytov\u00e1n\u00ed slu\u017eeb pron\u00e1jmu v\u00fdrobn\u00edch a skladovac\u00edch prostor.<\/p>\n\n\n\n<div style=\"height:25px\" aria-hidden=\"true\" class=\"wp-block-spacer\"><\/div>\n<\/div>\n\n\n\n<div class=\"wp-block-column is-layout-flow wp-block-column-is-layout-flow\"><div class=\"wp-block-image\">\n<figure class=\"aligncenter size-large\"><img decoding=\"async\" src=\"http:\/\/www.finbau.cz\/wp-content\/themes\/hestia\/assets\/img\/feat3.png\" alt=\"\" class=\"wp-image-72\"\/><\/figure>\n<\/div>\n\n\n<h5 class=\"wp-block-heading has-text-align-center has-text-color\" style=\"color:#3c4858;font-size:18px\">Lokalita<\/h5>\n\n\n\n<p class=\"has-text-align-center has-text-color\" style=\"color:#999999;font-size:14px\">Are\u00e1l 15 km od centra Brna, kter\u00fd je dostupn\u00fd 5 minut z d\u00e1lnice D2.<\/p>\n\n\n\n<div style=\"height:25px\" aria-hidden=\"true\" class=\"wp-block-spacer\"><\/div>\n<\/div>\n<\/div>\n\n\n\n<div style=\"height:40px\" aria-hidden=\"true\" class=\"wp-block-spacer\"><\/div>\n<\/div><\/div>\n\n\n\n<div class=\"wp-block-columns container is-layout-flex wp-container-core-columns-is-layout-9d6595d7 wp-block-columns-is-layout-flex\">\n<div class=\"wp-block-column col-md-5 is-layout-flow wp-block-column-is-layout-flow\" style=\"flex-basis:1080px\">\n<div style=\"height:55px\" aria-hidden=\"true\" class=\"wp-block-spacer\"><\/div>\n\n\n\n<h2 class=\"wp-block-heading\">O n\u00e1s<\/h2>\n\n\n\n<p class=\"has-text-align-left\">Jsme developersk\u00e1, obchodn\u00ed, v\u00fdrobn\u00ed a realitn\u00ed spole\u010dnost dlouhodob\u011b p\u016fsob\u00edc\u00ed na \u010desk\u00e9m i zahrani\u010dn\u00edm trhu. Vznik FINBAU se datuje k roku 1999. Nab\u00edz\u00edme tak\u00e9 jako vlastn\u00edci k pron\u00e1jmu nebo prodeji komer\u010dn\u00ed prostory &#8211; are\u00e1ly, haly, zpevn\u011bn\u00e9 plochy a dal\u0161\u00ed prostory ke skladov\u00e1n\u00ed a v\u00fdrob\u011b.<\/p>\n<\/div>\n\n\n\n<div class=\"wp-block-column col-md-6 col-md-offset1 is-layout-flow wp-block-column-is-layout-flow\">\n<div style=\"height:55px\" aria-hidden=\"true\" class=\"wp-block-spacer\"><\/div>\n<\/div>\n<\/div>\n","protected":false},"excerpt":{"rendered":"<p>O n\u00e1s Jsme developersk\u00e1, obchodn\u00ed, v\u00fdrobn\u00ed a realitn\u00ed spole\u010dnost dlouhodob\u011b p\u016fsob\u00edc\u00ed na \u010desk\u00e9m i zahrani\u010dn\u00edm trhu. Vznik FINBAU se datuje k roku 1999. Nab\u00edz\u00edme tak\u00e9 jako vlastn\u00edci k pron\u00e1jmu nebo prodeji komer\u010dn\u00ed prostory &#8211; are\u00e1ly, haly, zpevn\u011bn\u00e9 plochy a dal\u0161\u00ed prostory ke skladov\u00e1n\u00ed a v\u00fdrob\u011b.<\/p>\n","protected":false},"author":1,"featured_media":86,"parent":0,"menu_order":0,"comment_status":"closed","ping_status":"closed","template":"","meta":{"footnotes":""},"class_list":["post-12","page","type-page","status-publish","has-post-thumbnail","hentry"],"_links":{"self":[{"href":"https:\/\/www.finbau.cz\/index.php?rest_route=\/wp\/v2\/pages\/12","targetHints":{"allow":["GET"]}}],"collection":[{"href":"https:\/\/www.finbau.cz\/index.php?rest_route=\/wp\/v2\/pages"}],"about":[{"href":"https:\/\/www.finbau.cz\/index.php?rest_route=\/wp\/v2\/types\/page"}],"author":[{"embeddable":true,"href":"https:\/\/www.finbau.cz\/index.php?rest_route=\/wp\/v2\/users\/1"}],"replies":[{"embeddable":true,"href":"https:\/\/www.finbau.cz\/index.php?rest_route=%2Fwp%2Fv2%2Fcomments&post=12"}],"version-history":[{"count":7,"href":"https:\/\/www.finbau.cz\/index.php?rest_route=\/wp\/v2\/pages\/12\/revisions"}],"predecessor-version":[{"id":196,"href":"https:\/\/www.finbau.cz\/index.php?rest_route=\/wp\/v2\/pages\/12\/revisions\/196"}],"wp:featuredmedia":[{"embeddable":true,"href":"https:\/\/www.finbau.cz\/index.php?rest_route=\/wp\/v2\/media\/86"}],"wp:attachment":[{"href":"https:\/\/www.finbau.cz\/index.php?rest_route=%2Fwp%2Fv2%2Fmedia&parent=12"}],"curies":[{"name":"wp","href":"https:\/\/api.w.org\/{rel}","templated":true}]}}